210232
In base 8, what is -2130456 - -16?
-2130440
In base 2, what is -11011 - 1001010000111111?
-1001010001011010
In base 12, what is -14 + -343?
-357
In base 8, what is -5 + 4141?
4134
In base 12, what is 564 - 1084?
-720
In base 10, what is 1938 - 29?
1909
In base 15, what is -2a - ea?
-125
In base 13, what is -4 - 7bc1?
-7bc5
In base 8, what is -30 + 231?
201
In base 10, what is -984 - -516?
-468
In base 13, what is 2b2a - -8a?
2bb7
In base 14, what is -4 - 22926?
-2292a
In base 10, what is 112 + 922?
1034
In base 5, what is 13033 - 3420?
4113
In base 16, what is 20d - -29f8?
2c05
In base 8, what is -5635262 - 0?
-5635262
In base 11, what is -2a46 - -12?
-2a34
In base 12, what is -8132 - -27?
-8107
In base 11, what is -39a7a2 + 2?
-39a7a0
In base 5, what is -4 - -113011?
113002
In base 15, what is -26 + -896?
-8bc
In base 9, what is -23460 - 4?
-23464
In base 9, what is 6586 + 7?
6604
In base 15, what is -394e1c + 1?
-394e1b
In base 6, what is 10 - -10541430?
10541440
In base 14, what is a7 + 4d?
116
In base 16, what is 1 - -567e3?
567e4
In base 10, what is -5 - -256254?
256249
In base 4, what is -10 + 130033111?
130033101
In base 10, what is 242814 - -4?
242818
In base 5, what is -103 + 30231433?
30231330
In base 15, what is -5 + 10aca?
10ac5
In base 12, what is -4 - -b747?
b743
In base 2, what is -10110110000100 - -111?
-10110101111101
In base 2, what is -1001010011 + -1000011?
-1010010110
In base 15, what is -30d1e - -5?
-30d19
In base 6, what is -3 + 1120442?
1120435
In base 9, what is -7752 + 3?
-7748
In base 12, what is 28 + 493b1?
49419
In base 8, what is -65 - 12723?
-13010
In base 12, what is 28 - -34a9?
3515
In base 2, what is -110110 - -11011011011101?
11011010100111
In base 10, what is 866 + 149?
1015
In base 6, what is -211332 + 32?
-211300
In base 2, what is 101111010000101010111010 - -11?
101111010000101010111101
In base 15, what is 36e5 + 1?
36e6
In base 15, what is 4 + -3cd?
-3c9
In base 13, what is -406c05 - 2?
-406c07
In base 13, what is -2 + 2941?
293c
In base 2, what is -11000000000 - 110110?
-11000110110
In base 12, what is 1436a + 4?
14372
In base 4, what is 233 - -33?
332
In base 10, what is -1 + 44408?
44407
In base 3, what is 11 + -2002101102?
-2002101021
In base 11, what is 2a5 + -5940?
-5646
In base 11, what is 11 - -61223?
61234
In base 6, what is 3 + 130422?
130425
In base 6, what is 10 + 55314?
55324
In base 8, what is -4 - -333606?
333602
In base 6, what is 24340255 + 4?
24340303
In base 15, what is 4b29 - -2?
4b2b
In base 7, what is -43132 + -5?
-43140
In base 15, what is ec93 + c?
eca0
In base 15, what is -134 + 7693?
755e
In base 13, what is 15a - 4156?
-3cc9
In base 10, what is 4 - -129676?
129680
In base 13, what is -4a - 3085?
-3102
In base 7, what is 23223 + 12?
23235
In base 5, what is 310 + 3242?
4102
In base 3, what is -211 + 2122120?
2121202
In base 16, what is -3 - -205bf?
205bc
In base 4, what is 0 - 1303333?
-1303333
In base 8, what is -22 + 36216?
36174
In base 7, what is 3 + 1313455?
1313461
In base 16, what is -13f - -9?
-136
In base 10, what is -179179 - 1?
-179180
In base 4, what is -1 - -13120?
13113
In base 9, what is -45 + -113?
-158
In base 12, what is 5 + -3066?
-3061
In base 10, what is -40020 + 0?
-40020
In base 15, what is -2 - be2?
-be4
In base 11, what is -132 + -16a3?
-1825
In base 15, what is 1 + 9634b?
9634c
In base 11, what is -86a38 + -12?
-86a4a
In base 2, what is -111011011111 - -11100?
-111011000011
In base 14, what is -bb1 - 26?
-bd7
In base 13, what is -2 + 6c46?
6c44
In base 9, what is 463 - -227?
701
In base 9, what is 2044 + 7?
2052
In base 9, what is -161860 - 6?
-161866
In base 16, what is 69a - -1c?
6b6
In base 7, what is 202 + -3063?
-2561
In base 2, what is 11 + -101100010101000?
-101100010100101
In base 5, what is -2113 + -132?
-2300
In base 5, what is 1124004 - 221?
1123233
In base 16, what is 7278 + 5?
727d
In base 14, what is -12879 - 6?
-12881
In base 4, what is 1 - 111102221?
-111102220
In base 4, what is 1120 + -100300?
-33120
In base 10, what is 198 + -48?
150
In base 16, what is -3 + -fbd9?
-fbdc
In base 3, what is -11 - 211111211?
-211111222
In base 8, what is -4101 - 11?
-4112
In base 2, what is 1100011001010 + -101?
1100011000101
In base 14, what is 7c9cc - 0?
7c9cc
In base 5, what is -14133241 + -20?
-14133311
In base 2, what is -1100001101011 + -10?
-1100001101101
In base 7, what is -3034 - 124?
-3161
In base 14, what is -4 - -d72d?
d729
In base 12, what is 70469 - 3?
70466
In base 5, what is -1421 + 0?
-1421
In base 16, what is -294f - -1?
-294e
In base 4, what is 11011 + -32322?
-21311
In base 16, what is 31bb4 + -1?
31bb3
In base 2, what is -1011000010100100110 + -10?
-1011000010100101000
In base 3, what is 1101121112102 - -12?
1101121112121
In base 15, what is 204 + -17?
1dc
In base 8, what is -1347223 + -3?
-1347226
In base 13, what is 1b55a + -13?
1b547
In base 5, what is -22 - 1112043?
-1112120
In base 12, what is -a + -67?
-75
In base 13, what is -213a7 - 5?
-213ac
In base 5, what is -31114144 - 4?
-31114203
In base 4, what is 101013 - -32?
101111
In base 13, what is -1c22a3 + 3?
-1c22a0
In base 8, what is -1361 - 201?
-1562
In base 4, what is -3222 + 11022?
1200
In base 10, what is 2 + 57605?
57607
In base 2, what is 110010111011000011101 - 100?
110010111011000011001
In base 12, what is -4 + -5705a?
-57062
In base 8, what is -41346 - 3?
-41351
In base 9, what is -66703 + 2?
-66701
In base 7, what is 1 + -45001?
-45000
In base 9, what is -102 - -1158?
1056
In base 13, what is 61 + -916?
-885
In base 14, what is -ad - 8508?
-85b7
In base 13, what is -1858 + c?
-1849
In base 11, what is 15 + -1117?
-1102
In base 7, what is 2605232 - 2?
2605230
In base 5, what is -1130044 + -4?
-1130103
In base 2, what is -11010010101101 + 111?
-11010010100110
In base 4, what is 10 - 3113303?
-3113233
In base 7, what is -535 - 20?
-555
In base 7, what is -6 + -5242?
-5251
In base 13, what is -b2b + 7c4?
-337
In base 3, what is 1 - 11202020022?
-11202020021
In base 5, what is -2 - -4231221?
4231214
In base 13, what is 7c - -34c?
3cb
In base 4, what is -2323033 - -10?
-2323023
In base 3, what is 102022121 - 0?
102022121
In base 11, what is 230771 - 4?
230768
In base 3, what is -101 - 20222100210?
-20222101011
In base 12, what is 67 - -1257?
1302
In base 13, what is -470 + -120?
-590
In base 5, what is 12113332 + 10?
12113342
In base 5, what is 203 - 134232?
-134024
In base 2, what is -100111001 - -11010111?
-1100010
In base 9, what is -387763 - 1?
-387764
In base 5, what is 1 + -3200343?
-3200342
In base 8, what is 505 - -273?
1000
In base 3, what is 12 - 1012100111?
-1012100022
In base 15, what is -15 + 4471?
445b
In base 14, what is -5533d + -5?
-55344
In base 3, what is -101 - 1000111122?
-1000112000
In base 2, what is -100100111001111000010 + -11?
-100100111001111000101
In base 3, what is 1001101 - -20?
1001121
In base 16, what is -1 + 7d3?
7d2
In base 5, what is -3 + -204413?
-204421
In base 9, what is 317011 + -5?
317005
In base 8, what is 1472 - -4?
1476
In base 10, what is 31 + 5394?
5425
In base 15, what is -3 + -3694?
-3697
In base 10, what is 102 + -45?
57
In base 12, what is 90884 - 1?
90883
In base 15, what is -e + 4b066?
4b057
In base 5, what is 10312432 - 10?
10312422
In base 8, what is 45 - -26377?
26444
In base 8, what is 41156 - 452?
40504
In base 12, what is -6019 + 7?
-6012
In base 2, what is -10011101010 - 110100?
-10100011110
In base 7, what is -1 - 11461?
-11462
In base 3, what is -120210222 + -112?
-120211111
In base 16, what is -4083 + 1?
-4082
In base 4, what is 32003 - -1103?
33112
In base 6, what is 24243 - 110?
24133
In base 2, what is -100101111 - 1101010111100?
-1101111101011
In base 3, what is 112 + 22100111?
22101000
In base 5, what is -12 - 2211333?
-2211400
In base 10, what is -3000 + 44?
-2956
In base 7, what is -4 - 1330364?
-1330401
In base 9, what is -4055 + -22?
-4077
In base 7, what is 2 + -333461?
-333456
In base 16, what is -a88dd - 1?
-a88de
In base 11, what is -12a10 - -2?
-12a09
In base 10, what is 2270 - 2?
2268
In base 5, what is 2 - 10423334?
-10423332
In base 12, what is 1 + 57b85?
57b86
In base 6, what is -3 + 2335250?
2335243
In base 12, what is -1a - 20b11?
-20b2b
In base 9, what is 13 + 1804?
1817
In bas